e factors of x(10).
2, 3, 19
Suppose 3*m - 2*k - 18 = -6, -4*k + 16 = 4*m. Suppose -2*c = -m, -2*c + c = -2*h - 18. What are the prime factors of 1/(-2) - (-3 - (-1004)/h)?
2
Suppose -24*z + 520 = -4*z. Suppose 1880 = z*s - 21*s. List the prime factors of s.
2, 47
Let n(f) = -f**3 + 2*f**2 + 4*f + 1. Let j be n(3). Suppose 4*w - 309 = -2*q + 47, -4*q - j*w + 704 = 0. List the prime factors of q.
2, 3, 29
Let f = 334 - 332. Suppose 5*r + 0*r = -f*m + 1650, 0 = -3*m + 4*r + 2429. What are the prime factors of m?
5, 163
Let i(w) = 7*w - 27. Suppose 11 = 4*j - 101. Suppose 6*g - j = 14. What are the prime factors of i(g)?
2, 11
Let z(h) = 84*h + 122 - 101 + 218. List the prime factors of z(5).
659
Let x = -669 + 2683. Suppose -4*y + 1322 + x = 0. What are the prime factors of y?
2, 3, 139
List the prime factors of -1*2 + 0 + (31 - (-1854788)/52).
2, 13, 1373
Let y(t) = 7*t - 1. Let l be (0/(-2))/(-8 - -10). Suppose 0 = 3*i - 4*r - 68 - 8, l = 4*i + 5*r - 60. List the prime factors of y(i).
139
Let y = -691 + 436. What are the prime factors of (164 - 0)/(17/(y/(-10)))?
2, 3, 41
Let a be (-82)/(-7) + 6/63*3. Let c(p) = 4*p**2 + 4*p - 21. Let g be c(a). Let i = g + -383. List the prime factors of i.
2, 5, 11
List the prime factors of (-14595 - 15)/(-4 + 2)*(6 + -3).
3, 5, 487
Let f = -56 + -62. Let x be 26*(-1)/(-2) - -203. Let u = x + f. What are the prime factors of u?
2, 7
Suppose 7305*t = 7286*t + 104899. List the prime factors of t.
5521
Let f(b) = -113*b**3 - b**2 + 27. What are the prime factors of f(-4)?
7243
Let w(s) = -33*s - 64. Let x be w(-3). List the prime factors of (-1003 + -1)*1*x/(-28).
5, 251
Let s(o) = -96*o + 33. What are the prime factors of s(-60)?
3, 1931
Let n = -972 + 2121. Let t = n - 682. What are the prime factors of t?
467
Let y(p) = -91*p - 24. Let m be 8*(-2)/(-2) - 21/7. Suppose -4*h = -h - 2*q + 4, 4*h + 3 = m*q. List the prime factors of y(h).
2, 79
Suppose -4*c + 7*c - 2*w - 9449 = 0, 0 = 2*c - w - 6301. List the prime factors of c.
3, 1051
Let i be 5 + 78/(-15) + 42/10. Suppose 4*c = -4*h + 3368, 25*c - 3365 = -i*h + 20*c. What are the prime factors of h?
5, 13
Let a = 11924 + -3942. What are the prime factors of a?
2, 13, 307
Suppose 2*w - w - 2*d = -2, -2*w - 4*d + 4 = 0. Let b = -4695 - -4931. Let q = b - w. List the prime factors of q.
2, 59
Let v = -146 + 150. Suppose v*c - 1361 = 3*p + 872, -547 = -c + 3*p. List the prime factors of c.
2, 281
Suppose 2*a + 6 = 0, -4*k = 9*a - 7*a - 84986. What are the prime factors of k?
2, 83
Suppose 0 = -5*s - 28 + 23. Let k(v) be the first derivative of -19*v**4/4 - v**3/3 - v**2 - v - 5. List the prime factors of k(s).
19
Let t = -269 + 293. List the prime factors of 7430/14 + 0 + t/84.
3, 59
Suppose 0 = 76*y - 73*y + 4*v - 16, 2*y = -3*v + 12. Suppose -5*s - 2*a + 2587 = y, s - 650 = 5*a - 138. What are the prime factors of s?
11, 47
Suppose -481*i + 485*i = 9380. Let s = i - 1060. List the prime factors of s.
5, 257
Let o = -64 - -66. Let g be (-72)/60*(-10)/o. Suppose 0*b + 702 = g*b. What are the prime factors of b?
3, 13
Let n = 85 + -21. Suppose c - 10 = n. List the prime factors of c.
2, 37
Suppose -m - 5*m + 114 = 0. Suppose m = 3*f + 16. Let l(g) = 136*g + 9. What are the prime factors of l(f)?
5, 29
What are the prime factors of (-10102*6/(-8))/((-218)/(-436))?
3, 5051
Let l = 1619 - -125. List the prime factors of l.
2, 109
Let l(d) = -d**3 - 29*d**2 + 60*d - 34. Suppose 2*x - 6*x - 124 = 0. List the prime factors of l(x).
2, 7
Suppose -16*g + 81*g = 1352130. List the prime factors of g.
2, 3, 3467
Suppose 6*y + 32 - 74 = 0. Suppose 6*k - 37 = -y. Suppose 4*n = -4*c + 8*c + 604, k*n - c = 735. List the prime factors of n.
2, 73
Let w be (-2)/(-2)*(-2 + -1). Let s(n) = -37*n + 15*n + 8 + 8. List the prime factors of s(w).
2, 41
Let m(h) be the second derivative of -h**4/6 - 11*h**3/3 + 9*h**2 + 41*h. Let t(c) be the first derivative of m(c). List the prime factors of t(-17).
2, 23
Let f = 5603 + 1300. What are the prime factors of f?
3, 13, 59
Let y(h) = -h**3 - 5*h**2 - 3*h - 32. Suppose 50*m = 54*m + 280. Let q = m + 62. List the prime factors of y(q).
2, 23
Suppose 32*v + 4356 = 50*v. Suppose 16 = -4*b, 0 = 2*p + 3*b + v - 1736. What are the prime factors of p?
3, 251
Let i = -33455 + 54109. What are the prime factors of i?
2, 23, 449
Let q(y) = 927*y**2 + 115*y + 2. List the prime factors of q(-6).
2, 8171
Suppose 77 = 28*u - 35. List the prime factors of u/3*13212/24.
2, 367
Let p be (4 + (-35)/10)*12. What are the prime factors of 54/(-36) + 1173/p?
2, 97
Let h be -2 - (0 + (-80)/6*-3). List the prime factors of -4533*3/(-15) - h/(-70).
2, 3, 151
Suppose 5*z - 6*z - 2*f + 13 = 0, -f + 5 = 0. Suppose z*o + 4*m = 324, 76 + 487 = 5*o - m. Suppose 35*x + o = 39*x. What are the prime factors of x?
2, 7
What are the prime factors of (3 - 10)/(38514/(-19256) - 2*-1)?
2, 7, 29, 83
Suppose 0 = 3*o - 2*q - 23315 - 51507, 21 = -3*q. What are the prime factors of o?
2, 3, 1039
Suppose c + 13*c - 260768 = -44*c. List the prime factors of c.
2, 281
Suppose k - 3*x - 92 = 0, 2*k - x - 229 = -4*x. Let d = 20 + k. List the prime factors of d.
127
Let s = -14 - -29. Let h(p) = 59*p - 140. List the prime factors of h(s).
5, 149
Let w = -4 - -22. Suppose -8*m - 2 = -w. Suppose 0*d - 8 = -m*d, -3*h = -3*d - 390. List the prime factors of h.
2, 67
Let a be (-18)/(-1) - (-22 - -24). Suppose 23*i - a*i = 6552. What are the prime factors of i?
2, 3, 13
Let m be (4 - 5/1)*0/1. Suppose -3*v + m = -9. Suppose -g = g - v*c - 16, g - 15 = 5*c. List the prime factors of g.
5
Let g(h) be the first derivative of h**3 + 5*h**2 - 10*h + 1. Let f(t) = 4*t**2 + 85*t + 13. Let u be f(-21). What are the prime factors of g(u)?
2, 3, 17
Suppose -6*b = -5*r - b + 40, -2*b = 2*r. List the prime factors of 2 + r/(4/(-1)) + 263.
2, 3, 11
Suppose 3*k + 4*c - 35 = 0, -5*k - 5*c = 14 - 64. Suppose 4*b - 1128 = -k*d, d - 2*d + 1389 = 5*b. List the prime factors of b.
277
List the prime factors of 26288/13 - 0 - (-82)/(-533).
2, 3, 337
Let d(a) = 259*a**2. Let p be d(-1). Suppose 67 = -2*c - p. Let k = 239 + c. List the prime factors of k.
2, 19
Suppose b + 3*f - 6164 = 0, 18*f - 23*f + 30800 = 5*b. What are the prime factors of b?
2, 3079
Suppose 2*h = 3*h - 194. Suppose 17*b - 3040 = 7*b. Let d = b - h. What are the prime factors of d?
2, 5, 11
What are the prime factors of -1*(-58)/(-87)*(-8139)/2?
2713
Suppose 0 = -5*s + 35*h - 31*h + 11002, -s - 3*h + 2208 = 0. List the prime factors of s.
2, 3, 367
Let i(u) = 2*u**2 + 15*u - 6. Let w(c) = -2*c**2 - 13*c + 4. Let b(g) = -3*i(g) - 4*w(g). List the prime factors of b(6).
2, 29
Suppose 0 = 61*m - 3*m - 1833246 - 246402. List the prime factors of m.
2, 3, 83
Suppose -549984 = -218*u + 122*u. What are the prime factors of u?
17, 337
Suppose 16464 = 51*p - 48*p - 3*j, 16484 = 3*p + j. List the prime factors of p.
3, 1831
Suppose -4*g - 11*f + 10*f = -920, -16 = 4*f. Let n = g - 101. What are the prime factors of n?
2, 5, 13
List the prime factors of 501/(5 - 7004/1411).
83, 167
Suppose 9*p - h - 28 = 6*p, -5*p + 70 = 3*h. Suppose 3*n = -17 + p. List the prime factors of (-224)/21*n*3.
2
Let m(r) = 70*r - 1760. What are the prime factors of m(26)?
2, 3, 5
Let v = -340 + 352. List the prime factors of v/(-78) + (-25020)/(-52).
13, 37
List the prime factors of (-47)/(-2)*(2 + (14 - -130)).
47, 73
Suppose -70*a + 1245135 + 117695 = 0. What are the prime factors of a?
19469
Suppose -24*i + 27 = -93. Suppose 8*v - 12*v + 5*c = -933, 0 = 5*c + i. List the prime factors of v.
2, 29
Let p = 2 - 6. List the prime factors of (-15 - p)*(-30 + -1).
11, 31
Let u be 286/(-66) + 1/3 + 18. Let a(g) = 3*g**2 + 12*g - 4. What are the prime factors of a(u)?
2, 47
Let c(d) = d**3 + 2*d**2 - 5*d - 3. Let m be c(-3). What are the prime factors of 13 + -10 - (-102 + m)?
2, 3, 17
Let w be (-2 + 7)/(7 + -6). Suppose -o - t - 373 = -w*o, 4*t = 4*o - 376. Suppose -o = -i - 2. List the prime factors of i.
7, 13
Suppose 527*o - 522*o - 38585 = 0. List the prime factors of o.
7717
Let h(n) = 2*n**2 - 12*n - 10. Let q be h(7). Suppose -q*l + x = -608, -5*l = -3*x - 317 - 436. What are the prime factors of l?
3, 17
Let q be (-2275)/(-70)*2/5. Suppose q*u + 29*u = 56994. What are the